 5) to base 11.
3782
-b90b (base 12) to base 3
-1000212102
Convert 1150 (base 6) to base 8.
432
4002 (base 8) to base 3
2210221
-1a7 (base 16) to base 13
-267
Convert 522 (base 10) to base 9.
640
What is -23223 (base 5) in base 2?
-11010011000
-1773 (base 10) to base 15
-7d3
111 (base 3) to base 8
15
What is -5235 (base 6) in base 11?
-979
a9c3 (base 13) to base 15
701a
-10110100011 (base 2) to base 11
-10a2
What is -6826 (base 9) in base 7?
-20466
Convert 310 (base 14) to base 11.
4a8
-90 (base 14) to base 10
-126
Convert 7041 (base 15) to base 13.
aa20
Convert 1351 (base 6) to base 8.
543
-27 (base 15) to base 5
-122
Convert 75 (base 9) to base 8.
104
What is 32004 (base 5) in base 3?
2220212
Convert 118 (base 11) to base 7.
260
Convert 2004 (base 6) to base 13.
277
What is -2a3b (base 14) in base 10?
-7501
420140 (base 7) to base 9
118818
What is 103242 (base 5) in base 16?
df4
-318 (base 13) to base 14
-29a
-111121 (base 3) to base 8
-557
Convert 1000232 (base 4) to base 2.
1000000101110
Convert 1a8a (base 12) to base 6.
23054
What is 3465 (base 8) in base 12?
1099
Convert -100101 (base 2) to base 15.
-27
6c30 (base 15) to base 11
16305
What is -532 (base 8) in base 9?
-424
What is 210102 (base 4) in base 9?
3160
Convert 550 (base 10) to base 2.
1000100110
847 (base 14) to base 4
121133
Convert -1533 (base 6) to base 7.
-1134
Convert 108 (base 12) to base 7.
305
What is 1006 (base 7) in base 9?
427
Convert 13763 (base 12) to base 9.
41033
-8335 (base 11) to base 16
-2b29
What is -1525 (base 6) in base 8?
-635
What is -20 (base 9) in base 5?
-33
-22243 (base 11) to base 15
-983d
What is -64de (base 15) in base 12?
-1043b
-373 (base 15) to base 2
-1100001111
Convert 404004 (base 5) to base 6.
140112
What is 37b9 (base 15) in base 7?
46422
Convert 46f (base 16) to base 3.
1120001
What is 264506 (base 7) in base 12?
2488b
-508c (base 14) to base 4
-3120110
What is -4 (base 16) in base 2?
-100
1004434 (base 5) to base 3
211021122
Convert 514243 (base 6) to base 5.
2304024
-1200102 (base 3) to base 9
-1612
What is 18a59 (base 12) in base 9?
54426
What is -1041 (base 7) in base 2?
-101110100
-4043 (base 6) to base 9
-1200
What is 4b0 (base 12) in base 5?
10313
1121122112 (base 3) to base 12
164b8
10100000011 (base 2) to base 6
5535
What is -650c (base 14) in base 5?
-1024311
What is 5435 (base 6) in base 13?
74c
What is 100111111110 (base 2) in base 8?
4776
1434 (base 5) to base 12
184
Convert 221122 (base 4) to base 16.
a5a
Convert -1541 (base 10) to base 13.
-917
What is -c95 (base 15) in base 16?
-b18
-2d3 (base 14) to base 5
-4302
Convert 70581 (base 9) to base 2.
1011010101000101
What is 121bd (base 16) in base 8?
220675
What is -45bb (base 13) in base 8?
-23073
410 (base 5) to base 15
70
Convert -772 (base 8) to base 5.
-4011
-1651 (base 7) to base 8
-1241
-394 (base 10) to base 6
-1454
9347 (base 15) to base 3
1120200111
Convert -3 (base 6) to base 7.
-3
What is 485 (base 10) in base 14?
269
111011101111 (base 2) to base 3
12020121
1725 (base 11) to base 8
4235
-28757 (base 12) to base 10
-56371
What is -13352 (base 7) in base 14?
-1462
What is 100101000111 (base 2) in base 9?
3228
Convert -241 (base 6) to base 12.
-81
Convert 211 (base 9) to base 8.
254
What is 276 (base 15) in base 9?
683
Convert 142410 (base 7) to base 9.
41403
e44 (base 16) to base 5
104102
-61a9 (base 13) to base 6
-142242
Convert 1325 (base 12) to base 13.
cc5
-4173 (base 8) to base 5
-32141
1001021 (base 3) to base 16
2fb
1a29 (base 14) to base 2
1001010000101
Convert 110111101111 (base 2) to base 4.
313233
What is -1323 (base 7) in base 6?
-2203
Convert 11087 (base 12) to base 4.
11200213
What is -3392 (base 10) in base 3?
-11122122
What is 2224 (base 6) in base 7?
1342
Convert 14897 (base 14) to base 13.
1a343
What is 451 (base 14) in base 11?
708
Convert 263a (base 14) to base 5.
203331
Convert -13212 (base 8) to base 14.
-2162
What is 122120 (base 6) in base 9?
15783
-586 (base 9) to base 15
-223
Convert 315 (base 10) to base 6.
1243
310 (base 7) to base 12
10a
What is -14533 (base 7) in base 6?
-30414
Convert 478 (base 13) to base 3.
1001201
What is -30a (base 16) in base 4?
-30022
Convert -46465 (base 7) to base 14.
-44a5
-12210100 (base 3) to base 10
-4221
-341144 (base 5) to base 16
-2f11
Convert -80 (base 15) to base 12.
-a0
What is -2022211210 (base 3) in base 2?
-1011001011110101
What is -221220 (base 3) in base 6?
-3123
Convert -1a655 (base 12) to base 16.
-9821
What is 12000 (base 5) in base 3?
1012102
3116 (base 15) to base 10
10371
114354 (base 6) to base 13
4783
66 (base 8) to base 15
39
-3c11 (base 13) to base 15
-2858
What is 528 (base 10) in base 11?
440
Convert -1000220 (base 3) to base 16.
-2f1
Convert -24311 (base 5) to base 14.
-94b
Convert 433 (base 10) to base 6.
2001
Convert -32a (base 15) to base 16.
-2cb
Convert -33322200 (base 4) to base 2.
-1111111010100000
Convert -33014 (base 5) to base 6.
-14243
-47748 (base 9) to base 10
-31958
What is 255 (base 7) in base 11?
116
Convert -640a (base 12) to base 10.
-10954
Convert 535 (base 10) to base 6.
2251
Convert 23434 (base 5) to base 14.
8c8
-10012112 (base 3) to base 12
-1428
-10011011 (base 2) to base 8
-233
What is -3111 (base 4) in base 15?
-e3
Convert 32002 (base 4) to base 15.
3ed
1100101100100000 (base 2) to base 10
52000
Convert -17db1 (base 14) to base 11.
-41363
What is -101021202 (base 3) in base 11?
-56a8
Convert 23434 (base 6) to base 8.
6516
1045 (base 11) to base 14
708
What is -112010121 (base 3) in base 14?
-3a7d
-33009 (base 10) to base 9
-50246
Convert 3320 (base 4) to base 9.
305
212234 (base 5) to base 4
1300122
What is -5a1c (base 13) in base 16?
-319c
Convert -4210 (base 5) to base 14.
-2b9
-19a (base 11) to base 4
-3212
103 (base 8) to base 7
124
220301 (base 4) to base 10
2609
-333 (base 14) to base 6
-2533
Convert 201202100 (base 3) to base 8.
34100
What is 1ab5 (base 15) in base 3?
21221122
-95 (base 16) to base 7
-302
10064 (base 8) to base 3
12200122
What is 322321 (base 4) in base 13?
193c
What is -101750 (base 8) in base 5?
-2040033
What is -367 (base 15) in base 14?
-3d2
-2000100 (base 3) to base 10
-1467
Convert 4c5 (base 16) to base 7.
3363
What is 314 (base 16) in base 5?
11123
What is -13000 (base 4) in base 10?
-448
Convert -1162 (base 15) to base 10.
-3692
321 (base 12) to base 10
457
-261 (base 9) to base 16
-d9
4156 (base 7) to base 15
677
What is 0 (base 6) in base 16?
0
22204 (base 6) to base 13
1546
20b (base 13) to base 10
349
292 (base 10) to base 2
100100100
What is 10331 (base 5) in base 13?
431
What is -12030 (base 4) in base 9?
-480
101100100010010 (base 2) to base 3
1011021112
What is -124220 (base 5) in base 14?
-1b27
What is 2015 (base 11) in base 4?
221312
-244 (base 11) to base 10
-290
212040 (base 5) to base 9
10718
What is 3a20 (base 13) in base 15?
26dc
Convert 1784 (base 11) to base 8.
4336
-1222201 (base 3) to base 13
-877
2212303 (base 4) to base 3
112122101
13003 (base 4) to base 16
1c3
3401 (base 6) to base 14
409
210032 (base 4) to base 14
bb8
38 (base 15) to base 14
3b
21112222 (base 3) to base 13
2678
-899 (base 11) to base 5
-13301
-10010111 (base 2) to base 13
-b8
2475 (base 9) to base 11
1432
What is -64b6 (base 14) in base 16?
-4400
-14444 (base 8) to base 3
-22211101
What is -764 (base 14) in base 7?
-4154
1b2a (base 12) to base 2
110100010010
What is 63732 (base 9) in base 3?
2010211002
Convert 453 (base 6) to base 8.
261
110000101010100 (base 2) to base 7
132433
Convert -1303331 (base 4) to base 16.
-1cfd
What is -1001101 (base 2) in base 13?
-5c
Convert 401 (base 12) to base 8.
1101
What is -23212 (base 5) in base 14?
-882
Convert -3144 (base 5) to base 13.
-268
Convert 1451 (base 7) to base 3.
210022
10100021 (base 4) to base 2
100010000001001
Convert -31311 (base 4) to base 14.
-473
-1723 (base 12) to base 15
-c43
Convert ad3 (base 15) to base 11.
1926
-33107 (base 9) to base 12
-1085a
201241 (base 6) to base 2
11110111111001
145 (base 6) to base 4
1001
What is -21 (base 6) in base 13?
-10
What is 535 (base 6) in base 16?
cb
860 (base 14) to base 6
11352
What is -3602 (base 7) in base 8?
-2455
Convert 10111111101101 (base 2) to base 11.
9244
Convert 1d3 (base 14) to base 2.
101111101
What is 51625 (base 8) in base